What is the hundred millions digit of 258629427?
2
What is the tens digit of 363474959?
5
What is the ten millions digit of 84092167?
8
What is the hundred thousands digit of 26304695?
3
What is the ten millions digit of 70176886?
7
What is the billions digit of 2870032715?
2
What is the hundred millions digit of 226130324?
2
What is the millions digit of 1210465?
1
What is the tens digit of 2123768128?
2
What is the ten millions digit of 152779549?
5
What is the millions digit of 435178572?
5
What is the tens digit of 1656018506?
0
What is the hundreds digit of 98372141?
1
What is the hundred thousands digit of 208506226?
5
What is the thousands digit of 15748214?
8
What is the tens digit of 1444398?
9
What is the units digit of 2216863655?
5
What is the ten thousands digit of 92674514?
7
What is the hundreds digit of 18928265?
2
What is the hundred millions digit of 2482866767?
4
What is the ten millions digit of 191622037?
9
What is the thousands digit of 135783454?
3
What is the units digit of 1083225?
5
What is the thousands digit of 740249866?
9
What is the hundreds digit of 319546276?
2
What is the units digit of 2077082618?
8
What is the tens digit of 768173767?
6
What is the ten millions digit of 3320598702?
2
What is the ten millions digit of 4587440499?
8
What is the ten millions digit of 71829852?
7
What is the ten thousands digit of 415281063?
8
What is the thousands digit of 1771946597?
6
What is the thousands digit of 819098858?
8
What is the tens digit of 145001325?
2
What is the hundred thousands digit of 63410034?
4
What is the ten thousands digit of 2321441751?
4
What is the ten thousands digit of 2641598580?
9
What is the hundred thousands digit of 572902013?
9
What is the units digit of 63553234?
4
What is the thousands digit of 74567584?
7
What is the millions digit of 1343634170?
3
What is the millions digit of 1361447474?
1
What is the hundreds digit of 66814518?
5
What is the hundred thousands digit of 37877822?
8
What is the ten thousands digit of 1432803787?
0
What is the hundred thousands digit of 1507041998?
0
What is the ten millions digit of 30489674?
3
What is the units digit of 418948?
8
What is the hundreds digit of 551583882?
8
What is the ten thousands digit of 13295392?
9
What is the hundred thousands digit of 364522214?
5
What is the hundred thousands digit of 57183319?
1
What is the hundred thousands digit of 360119918?
1
What is the tens digit of 127758809?
0
What is the ten thousands digit of 85057159?
5
What is the millions digit of 334834111?
4
What is the hundred thousands digit of 52777776?
7
What is the ten thousands digit of 1286836904?
3
What is the millions digit of 2028359500?
8
What is the hundred thousands digit of 2668015412?
0
What is the hundred thousands digit of 11984609?
9
What is the millions digit of 334332169?
4
What is the tens digit of 343986696?
9
What is the tens digit of 156696062?
6
What is the ten thousands digit of 8240636107?
3
What is the ten millions digit of 60536324?
6
What is the tens digit of 38228101?
0
What is the ten thousands digit of 47657091?
5
What is the hundred millions digit of 112355949?
1
What is the hundred thousands digit of 2589357080?
3
What is the millions digit of 211683213?
1
What is the tens digit of 160936195?
9
What is the thousands digit of 5572006?
2
What is the ten millions digit of 295277215?
9
What is the thousands digit of 107650385?
0
What is the ten millions digit of 17653783?
1
What is the ten thousands digit of 2100828663?
2
What is the hundred millions digit of 1098819764?
0
What is the ten millions digit of 441422577?
4
What is the hundred thousands digit of 2614048?
6
What is the millions digit of 267048321?
7
What is the hundred thousands digit of 139002881?
0
What is the millions digit of 27917872?
7
What is the hundreds digit of 8385368434?
4
What is the units digit of 314126811?
1
What is the billions digit of 2231130720?
2
What is the thousands digit of 41877416?
7
What is the units digit of 254564314?
4
What is the hundreds digit of 1237475963?
9
What is the billions digit of 3020838276?
3
What is the ten millions digit of 4076334219?
7
What is the hundred thousands digit of 97702629?
7
What is the thousands digit of 505144169?
4
What is the units digit of 66905362?
2
What is the ten millions digit of 3902878955?
0
What is the ten millions digit of 2079464603?
7
What is the thousands digit of 770633042?
3
What is the hundred millions digit of 2265289146?
2
What is the hundreds digit of 192222471?
4
What is the ten millions digit of 1880275537?
8
What is the units digit of 950360593?
3
What is the ten millions digit of 121273193?
2
What is the millions digit of 208549046?
8
What is the units digit of 949809024?
4
What is the millions digit of 460709952?
0
What is the thousands digit of 158527767?
7
What is the units digit of 166792864?
4
What is the units digit of 186502996?
6
What is the thousands digit of 2108504318?
4
What is the ten millions digit of 36573869?
3
What is the ten millions digit of 5870669403?
7
What is the ten millions digit of 48882628?
4
What is the thousands digit of 4601992298?
2
What is the hundred millions digit of 7222706988?
2
What is the hundreds digit of 1826430?
4
What is the ten millions digit of 1907649376?
0
What is the tens digit of 58605527?
2
What is the tens digit of 16962448?
4
What is the millions digit of 5680665343?
0
What is the ten millions digit of 65812814?
6
What is the ten millions digit of 625465117?
2
What is the hundred millions digit of 1227773730?
2
What is the ten millions digit of 1866768457?
6
What is the ten millions digit of 34645865?
3
What is the hundred millions digit of 229634330?
2
What is the units digit of 5650468220?
0
What is the units digit of 100707261?
1
What is the ten thousands digit of 73698664?
9
What is the millions digit of 62111393?
2
What is the ten millions digit of 65463691?
6
What is the millions digit of 748780998?
8
What is the tens digit of 13825180?
8
What is the millions digit of 6353504?
6
What is the tens digit of 776264623?
2
What is the thousands digit of 378172082?
2
What is the ten thousands digit of 596539996?
3
What is the thousands digit of 26734310?
4
What is the ten thousands digit of 53936950?
3
What is the units digit of 378107009?
9
What is the tens digit of 2228121968?
6
What is the thousands digit of 191098453?
8
What is the hundreds digit of 1064829287?
2
What is the tens digit of 2653881758?
5
What is the tens digit of 25115764?
6
What is the ten thousands digit of 230364503?
6
What is the hundred thousands digit of 1044395170?
3
What is the units digit of 719538409?
9
What is the hundreds digit of 32288008?
0
What is the thousands digit of 454094239?
4
What is the thousands digit of 28462360?
2
What is the ten thousands digit of 1763867?
6
What is the tens digit of 251876122?
2
What is the tens digit of 131969857?
5
What is the hundreds digit of 517156381?
3
What is the hundred millions digit of 1346698149?
3
What is the hundred thousands digit of 481731495?
7
What is the thousands digit of 175630640?
0
What is the millions digit of 1075188481?
5
What is the millions digit of 803096915?
3
What is the ten thousands digit of 517417209?
1
What is the hundreds digit of 80493803?
8
What is the units digit of 4006033707?
7
What is the units digit of 225990291?
1
What is the hundred thousands digit of 5221660647?
6
What is the hundred millions digit of 559417926?
5
What is the hundred thousands digit of 54772401?
7
What is the hundred millions digit of 104927646?
1
What is the hundred thousands digit of 34682892?
6
What is the hundred thousands digit of 32018626?
0
What is the thousands digit of 8546849497?
9
What is the tens digit of 40657687?
8
What is the tens digit of 161258430?
3
What is the hundreds digit of 219462498?
4
What is the ten thousands digit of 879785712?
8
What is the units digit of 87428884?
4
What is the hundreds digit of 5282006649?
6
What is the tens digit of 54372222?
2
What is the tens digit of 434351367?
6
What is the millions digit of 130934812?
0
What is the tens digit of 2928567054?
5
What is the millions digit of 180670399?
0
What is the billions digit of 2002501988?
2
What is the hundred thousands di